{"id":1797,"date":"2026-02-13T10:21:39","date_gmt":"2026-02-13T09:21:39","guid":{"rendered":"https:\/\/moraviatiming.cz\/?page_id=1797"},"modified":"2026-04-03T11:05:46","modified_gmt":"2026-04-03T09:05:46","slug":"rok-2026","status":"publish","type":"page","link":"https:\/\/moraviatiming.cz\/?page_id=1797","title":{"rendered":"Rok 2026"},"content":{"rendered":"\n<p class=\"has-text-align-center has-black-color has-text-color has-link-color has-x-large-font-size wp-elements-11de067d4b8b21c0171dedf51e2fa36e\"><strong>Seznam v\u00fdsledk\u016f pro rok 2026<\/strong><\/p>\n\n\n\n<table><tbody>\n<tr><td>11.4.2026<\/td><td><a href=\"https:\/\/moraviatiming.cz\/glive\/g-live.html?f=\/vysledky\/2026\/4\/lesnihodinovka.clax\">\nLesn\u00ed hodinovka<\/td><\/tr>\n\n<tr><td>14.3.2026<\/td><td><a href=\"https:\/\/moraviatiming.cz\/glive\/g-live.html?f=\/vysledky\/2026\/2\/josef.clax\">\nJosefsk\u00fd b\u011bh<\/td><\/tr>\n\n<tr><td>14.3.2026<\/td><td><a href=\"https:\/\/moraviatiming.cz\/glive\/g-live.html?f=\/vysledky\/2026\/3\/zajic.clax\">Mo\u0159kovsk\u00fd zaj\u00edc<\/td><\/tr>\n\n<tr><td>13.2.2026<\/td><td><a href=\"https:\/\/moraviatiming.cz\/glive\/g-live.html?f=\/vysledky\/2026\/1\/behjiznimisvahy.clax\">B\u011bh Ji\u017en\u00edmi Svahy<\/td><\/tr>\n\n<\/tbody><\/table><\/figure>\n","protected":false},"excerpt":{"rendered":"<p>Seznam v\u00fdsledk\u016f pro rok 2026 11.4.2026 Lesn\u00ed hodinovka 14.3.2026 Josefsk\u00fd b\u011bh 14.3.2026 Mo\u0159kovsk\u00fd zaj\u00edc 13.2.2026 B\u011bh Ji\u017en\u00edmi Svahy<\/p>\n","protected":false},"author":1,"featured_media":0,"parent":0,"menu_order":0,"comment_status":"closed","ping_status":"closed","template":"","meta":{"footnotes":""},"class_list":["post-1797","page","type-page","status-publish","hentry"],"yoast_head":"<!-- This site is optimized with the Yoast SEO plugin v27.3 - https:\/\/yoast.com\/product\/yoast-seo-wordpress\/ -->\n<title>Rok 2026 - MORAVIA TIMING s.r.o.<\/title>\n<meta name=\"robots\" content=\"index, follow, max-snippet:-1, max-image-preview:large, max-video-preview:-1\" \/>\n<link rel=\"canonical\" href=\"https:\/\/moraviatiming.cz\/?page_id=1797\" \/>\n<meta property=\"og:locale\" content=\"cs_CZ\" \/>\n<meta property=\"og:type\" content=\"article\" \/>\n<meta property=\"og:title\" content=\"Rok 2026 - MORAVIA TIMING s.r.o.\" \/>\n<meta property=\"og:description\" content=\"Seznam v\u00fdsledk\u016f pro rok 2026 11.4.2026 Lesn\u00ed hodinovka 14.3.2026 Josefsk\u00fd b\u011bh 14.3.2026 Mo\u0159kovsk\u00fd zaj\u00edc 13.2.2026 B\u011bh Ji\u017en\u00edmi Svahy\" \/>\n<meta property=\"og:url\" content=\"https:\/\/moraviatiming.cz\/?page_id=1797\" \/>\n<meta property=\"og:site_name\" content=\"MORAVIA TIMING s.r.o.\" \/>\n<meta property=\"article:modified_time\" content=\"2026-04-03T09:05:46+00:00\" \/>\n<meta name=\"twitter:card\" content=\"summary_large_image\" \/>\n<meta name=\"twitter:label1\" content=\"Odhadovan\u00e1 doba \u010dten\u00ed\" \/>\n\t<meta name=\"twitter:data1\" content=\"1 minuta\" \/>\n<script type=\"application\/ld+json\" class=\"yoast-schema-graph\">{\"@context\":\"https:\\\/\\\/schema.org\",\"@graph\":[{\"@type\":\"WebPage\",\"@id\":\"https:\\\/\\\/moraviatiming.cz\\\/?page_id=1797\",\"url\":\"https:\\\/\\\/moraviatiming.cz\\\/?page_id=1797\",\"name\":\"Rok 2026 - MORAVIA TIMING s.r.o.\",\"isPartOf\":{\"@id\":\"https:\\\/\\\/moraviatiming.cz\\\/#website\"},\"datePublished\":\"2026-02-13T09:21:39+00:00\",\"dateModified\":\"2026-04-03T09:05:46+00:00\",\"breadcrumb\":{\"@id\":\"https:\\\/\\\/moraviatiming.cz\\\/?page_id=1797#breadcrumb\"},\"inLanguage\":\"cs\",\"potentialAction\":[{\"@type\":\"ReadAction\",\"target\":[\"https:\\\/\\\/moraviatiming.cz\\\/?page_id=1797\"]}]},{\"@type\":\"BreadcrumbList\",\"@id\":\"https:\\\/\\\/moraviatiming.cz\\\/?page_id=1797#breadcrumb\",\"itemListElement\":[{\"@type\":\"ListItem\",\"position\":1,\"name\":\"Dom\u016f\",\"item\":\"https:\\\/\\\/moraviatiming.cz\\\/\"},{\"@type\":\"ListItem\",\"position\":2,\"name\":\"Rok 2026\"}]},{\"@type\":\"WebSite\",\"@id\":\"https:\\\/\\\/moraviatiming.cz\\\/#website\",\"url\":\"https:\\\/\\\/moraviatiming.cz\\\/\",\"name\":\"moraviatiming.cz\",\"description\":\"Moravia Timing se specializuje na m\u011b\u0159en\u00ed a technick\u00e9 zaji\u0161t\u011bn\u00ed sportovn\u00edch z\u00e1vod\u016f. Nab\u00edz\u00edme p\u0159esn\u00e9 m\u011b\u0159en\u00ed \u010dasu pomoc\u00ed modern\u00edch \u010dipov\u00fdch technologi\u00ed a kompletn\u00ed technickou podporu, v\u010detn\u011b pron\u00e1jmu a instalace vybaven\u00ed. Na\u0161e slu\u017eby zahrnuj\u00ed b\u011b\u017eeck\u00e9, cyklistick\u00e9, triatlonov\u00e9 a dal\u0161\u00ed z\u00e1vody. Kontaktujte n\u00e1s pro v\u00edce informac\u00ed nebo nab\u00eddku na m\u00edru.\",\"potentialAction\":[{\"@type\":\"SearchAction\",\"target\":{\"@type\":\"EntryPoint\",\"urlTemplate\":\"https:\\\/\\\/moraviatiming.cz\\\/?s={search_term_string}\"},\"query-input\":{\"@type\":\"PropertyValueSpecification\",\"valueRequired\":true,\"valueName\":\"search_term_string\"}}],\"inLanguage\":\"cs\"}]}<\/script>\n<!-- \/ Yoast SEO plugin. -->","yoast_head_json":{"title":"Rok 2026 - MORAVIA TIMING s.r.o.","robots":{"index":"index","follow":"follow","max-snippet":"max-snippet:-1","max-image-preview":"max-image-preview:large","max-video-preview":"max-video-preview:-1"},"canonical":"https:\/\/moraviatiming.cz\/?page_id=1797","og_locale":"cs_CZ","og_type":"article","og_title":"Rok 2026 - MORAVIA TIMING s.r.o.","og_description":"Seznam v\u00fdsledk\u016f pro rok 2026 11.4.2026 Lesn\u00ed hodinovka 14.3.2026 Josefsk\u00fd b\u011bh 14.3.2026 Mo\u0159kovsk\u00fd zaj\u00edc 13.2.2026 B\u011bh Ji\u017en\u00edmi Svahy","og_url":"https:\/\/moraviatiming.cz\/?page_id=1797","og_site_name":"MORAVIA TIMING s.r.o.","article_modified_time":"2026-04-03T09:05:46+00:00","twitter_card":"summary_large_image","twitter_misc":{"Odhadovan\u00e1 doba \u010dten\u00ed":"1 minuta"},"schema":{"@context":"https:\/\/schema.org","@graph":[{"@type":"WebPage","@id":"https:\/\/moraviatiming.cz\/?page_id=1797","url":"https:\/\/moraviatiming.cz\/?page_id=1797","name":"Rok 2026 - MORAVIA TIMING s.r.o.","isPartOf":{"@id":"https:\/\/moraviatiming.cz\/#website"},"datePublished":"2026-02-13T09:21:39+00:00","dateModified":"2026-04-03T09:05:46+00:00","breadcrumb":{"@id":"https:\/\/moraviatiming.cz\/?page_id=1797#breadcrumb"},"inLanguage":"cs","potentialAction":[{"@type":"ReadAction","target":["https:\/\/moraviatiming.cz\/?page_id=1797"]}]},{"@type":"BreadcrumbList","@id":"https:\/\/moraviatiming.cz\/?page_id=1797#breadcrumb","itemListElement":[{"@type":"ListItem","position":1,"name":"Dom\u016f","item":"https:\/\/moraviatiming.cz\/"},{"@type":"ListItem","position":2,"name":"Rok 2026"}]},{"@type":"WebSite","@id":"https:\/\/moraviatiming.cz\/#website","url":"https:\/\/moraviatiming.cz\/","name":"moraviatiming.cz","description":"Moravia Timing se specializuje na m\u011b\u0159en\u00ed a technick\u00e9 zaji\u0161t\u011bn\u00ed sportovn\u00edch z\u00e1vod\u016f. Nab\u00edz\u00edme p\u0159esn\u00e9 m\u011b\u0159en\u00ed \u010dasu pomoc\u00ed modern\u00edch \u010dipov\u00fdch technologi\u00ed a kompletn\u00ed technickou podporu, v\u010detn\u011b pron\u00e1jmu a instalace vybaven\u00ed. Na\u0161e slu\u017eby zahrnuj\u00ed b\u011b\u017eeck\u00e9, cyklistick\u00e9, triatlonov\u00e9 a dal\u0161\u00ed z\u00e1vody. Kontaktujte n\u00e1s pro v\u00edce informac\u00ed nebo nab\u00eddku na m\u00edru.","potentialAction":[{"@type":"SearchAction","target":{"@type":"EntryPoint","urlTemplate":"https:\/\/moraviatiming.cz\/?s={search_term_string}"},"query-input":{"@type":"PropertyValueSpecification","valueRequired":true,"valueName":"search_term_string"}}],"inLanguage":"cs"}]}},"_links":{"self":[{"href":"https:\/\/moraviatiming.cz\/index.php?rest_route=\/wp\/v2\/pages\/1797","targetHints":{"allow":["GET"]}}],"collection":[{"href":"https:\/\/moraviatiming.cz\/index.php?rest_route=\/wp\/v2\/pages"}],"about":[{"href":"https:\/\/moraviatiming.cz\/index.php?rest_route=\/wp\/v2\/types\/page"}],"author":[{"embeddable":true,"href":"https:\/\/moraviatiming.cz\/index.php?rest_route=\/wp\/v2\/users\/1"}],"replies":[{"embeddable":true,"href":"https:\/\/moraviatiming.cz\/index.php?rest_route=%2Fwp%2Fv2%2Fcomments&post=1797"}],"version-history":[{"count":5,"href":"https:\/\/moraviatiming.cz\/index.php?rest_route=\/wp\/v2\/pages\/1797\/revisions"}],"predecessor-version":[{"id":1809,"href":"https:\/\/moraviatiming.cz\/index.php?rest_route=\/wp\/v2\/pages\/1797\/revisions\/1809"}],"wp:attachment":[{"href":"https:\/\/moraviatiming.cz\/index.php?rest_route=%2Fwp%2Fv2%2Fmedia&parent=1797"}],"curies":[{"name":"wp","href":"https:\/\/api.w.org\/{rel}","templated":true}]}}